{"id":106,"date":"2024-08-20T13:44:38","date_gmt":"2024-08-20T13:44:38","guid":{"rendered":"https:\/\/retinagroupe.com\/?page_id=106"},"modified":"2024-08-20T13:59:38","modified_gmt":"2024-08-20T13:59:38","slug":"communication","status":"publish","type":"page","link":"https:\/\/retinagroupe.com\/?page_id=106","title":{"rendered":"Communication"},"content":{"rendered":"<p>Chez Retina Group, nous savons que la communication digitale est la cl\u00e9 pour atteindre et engager votre audience dans un monde de plus en plus connect\u00e9. Notre mission est de transformer vos id\u00e9es en strat\u00e9gies digitales efficaces pour booster votre visibilit\u00e9 et renforcer votre marque.<\/p>\n<p>Nos Services Incluent :<\/p>\n<p>&#8211; Strat\u00e9gie Digitale : \u00c9laboration de plans sur mesure pour maximiser votre pr\u00e9sence en ligne.<br \/>\n&#8211; Gestion des R\u00e9seaux Sociaux : Cr\u00e9ation et gestion de contenu pour engager votre communaut\u00e9.<br \/>\n&#8211; Cr\u00e9ation de Contenu : D\u00e9veloppement de contenu captivant pour blogs, sites web et plus encore.<br \/>\n&#8211; Analyse et Reporting : Suivi des performances et ajustement des strat\u00e9gies pour des r\u00e9sultats optimaux.<\/p>\n<p>Pourquoi Choisir R\u00e9tina ?<\/p>\n<p>&#8211; Expertise : Une \u00e9quipe exp\u00e9riment\u00e9e d\u00e9di\u00e9e \u00e0 votre succ\u00e8s.<br \/>\n&#8211; Approche Personnalis\u00e9e : Des solutions adapt\u00e9es \u00e0 vos besoins sp\u00e9cifiques.<br \/>\n&#8211; Innovation : Utilisation des derni\u00e8res technologies et tendances pour rester en avance.<\/p>\n<p>Laissez-nous vous aider \u00e0 naviguer dans le monde digital et \u00e0 atteindre vos objectifs. Contactez-nous d\u00e8s aujourd&rsquo;hui pour d\u00e9couvrir comment nous pouvons faire passer votre communication digitale au niveau sup\u00e9rieur !<\/p>\n","protected":false},"excerpt":{"rendered":"<p>Chez Retina Group, nous savons que la communication digitale est la cl\u00e9 pour atteindre et engager votre audience dans un monde de plus en plus connect\u00e9. Notre mission est de transformer vos id\u00e9es en strat\u00e9gies digitales efficaces pour booster votre visibilit\u00e9 et renforcer votre marque. Nos Services Incluent : &#8211; Strat\u00e9gie Digitale : \u00c9laboration de plans sur mesure pour maximiser votre pr\u00e9sence en ligne. &#8211; Gestion des R\u00e9seaux Sociaux : Cr\u00e9ation et gestion de contenu pour engager votre communaut\u00e9. &#8211; Cr\u00e9ation de Contenu : D\u00e9veloppement de contenu captivant pour blogs, sites web et plus encore. &#8211; Analyse et Reporting :&#8230; <\/p>\n","protected":false},"author":1,"featured_media":0,"parent":0,"menu_order":0,"comment_status":"closed","ping_status":"closed","template":"template-full-width.php","meta":{"footnotes":""},"class_list":["post-106","page","type-page","status-publish","hentry"],"_links":{"self":[{"href":"https:\/\/retinagroupe.com\/index.php?rest_route=\/wp\/v2\/pages\/106"}],"collection":[{"href":"https:\/\/retinagroupe.com\/index.php?rest_route=\/wp\/v2\/pages"}],"about":[{"href":"https:\/\/retinagroupe.com\/index.php?rest_route=\/wp\/v2\/types\/page"}],"author":[{"embeddable":true,"href":"https:\/\/retinagroupe.com\/index.php?rest_route=\/wp\/v2\/users\/1"}],"replies":[{"embeddable":true,"href":"https:\/\/retinagroupe.com\/index.php?rest_route=%2Fwp%2Fv2%2Fcomments&post=106"}],"version-history":[{"count":1,"href":"https:\/\/retinagroupe.com\/index.php?rest_route=\/wp\/v2\/pages\/106\/revisions"}],"predecessor-version":[{"id":107,"href":"https:\/\/retinagroupe.com\/index.php?rest_route=\/wp\/v2\/pages\/106\/revisions\/107"}],"wp:attachment":[{"href":"https:\/\/retinagroupe.com\/index.php?rest_route=%2Fwp%2Fv2%2Fmedia&parent=106"}],"curies":[{"name":"wp","href":"https:\/\/api.w.org\/{rel}","templated":true}]}}